{"version":"1.0","provider_name":"l'Associaci\u00f3 Cultural Catalonia","provider_url":"https:\/\/catalonia.com.br\/ca","author_name":"Associa\u00e7\u00e3o Cultural Catalonia","author_url":"https:\/\/catalonia.com.br\/ca\/author\/admincat\/","title":"Concerto de Natal Catalonia 2008 - Associa\u00e7\u00e3o Cultural Catalonia","type":"rich","width":600,"height":338,"html":"<blockquote class=\"wp-embedded-content\" data-secret=\"9RMhFrP5Hu\"><a href=\"https:\/\/catalonia.com.br\/ca\/concerto-de-natal-catalonia-2008\/\">Concerto de Natal Catalonia 2008<\/a><\/blockquote><iframe sandbox=\"allow-scripts\" security=\"restricted\" src=\"https:\/\/catalonia.com.br\/ca\/concerto-de-natal-catalonia-2008\/embed\/#?secret=9RMhFrP5Hu\" width=\"600\" height=\"338\" title=\"&#8220;Concerto de Natal Catalonia 2008&#8221; &#8212; Associa\u00e7\u00e3o Cultural Catalonia\" data-secret=\"9RMhFrP5Hu\" frameborder=\"0\" marginwidth=\"0\" marginheight=\"0\" scrolling=\"no\" class=\"wp-embedded-content\"><\/iframe><script>\n\/*! This file is auto-generated *\/\n!function(d,l){\"use strict\";l.querySelector&&d.addEventListener&&\"undefined\"!=typeof URL&&(d.wp=d.wp||{},d.wp.receiveEmbedMessage||(d.wp.receiveEmbedMessage=function(e){var t=e.data;if((t||t.secret||t.message||t.value)&&!\/[^a-zA-Z0-9]\/.test(t.secret)){for(var s,r,n,a=l.querySelectorAll('iframe[data-secret=\"'+t.secret+'\"]'),o=l.querySelectorAll('blockquote[data-secret=\"'+t.secret+'\"]'),c=new RegExp(\"^https?:$\",\"i\"),i=0;i<o.length;i++)o[i].style.display=\"none\";for(i=0;i<a.length;i++)s=a[i],e.source===s.contentWindow&&(s.removeAttribute(\"style\"),\"height\"===t.message?(1e3<(r=parseInt(t.value,10))?r=1e3:~~r<200&&(r=200),s.height=r):\"link\"===t.message&&(r=new URL(s.getAttribute(\"src\")),n=new URL(t.value),c.test(n.protocol))&&n.host===r.host&&l.activeElement===s&&(d.top.location.href=t.value))}},d.addEventListener(\"message\",d.wp.receiveEmbedMessage,!1),l.addEventListener(\"DOMContentLoaded\",function(){for(var e,t,s=l.querySelectorAll(\"iframe.wp-embedded-content\"),r=0;r<s.length;r++)(t=(e=s[r]).getAttribute(\"data-secret\"))||(t=Math.random().toString(36).substring(2,12),e.src+=\"#?secret=\"+t,e.setAttribute(\"data-secret\",t)),e.contentWindow.postMessage({message:\"ready\",secret:t},\"*\")},!1)))}(window,document);\n\/\/# sourceURL=https:\/\/catalonia.com.br\/wp-includes\/js\/wp-embed.min.js\n<\/script>","thumbnail_url":"https:\/\/catalonia.com.br\/wp-content\/uploads\/2023\/07\/Concerto-de-Natal-Catalonia-2008.png","thumbnail_width":882,"thumbnail_height":598,"description":"O Coral Catalonia foi criado em setembro de 2007, concretizando, assim, um antigo projeto da Associa\u00e7\u00e3o Cultural Catalonia destinado \u00e0 divulga\u00e7\u00e3o do rico repert\u00f3rio musical catal\u00e3o. Apesar de possuir entre seus integrantes alguns membros nativos, o coral est\u00e1 aberto \u00e0 participa\u00e7\u00e3o de todas as pessoas que apreciam a boa m\u00fasica vocal. No repert\u00f3rio, tamb\u00e9m inclu\u00edmos"}

l'Associació Cultural Catalonia

Associação Cultural Catalonia

Concerto de Natal Catalonia 2008 - Associação Cultural Catalonia

<blockquote class="wp-embedded-content" data-secret="9RMhFrP5Hu"><a href="https://catalonia.com.br/ca/concerto-de-natal-catalonia-2008/">Concerto de Natal Catalonia 2008</a></blockquote><iframe sandbox="allow-scripts" security="restricted" src="https://catalonia.com.br/ca/concerto-de-natal-catalonia-2008/embed/#?secret=9RMhFrP5Hu" width="600" height="338" title="&#8220;Concerto de Natal Catalonia 2008&#8221; &#8212; Associação Cultural Catalonia" data-secret="9RMhFrP5Hu" frameborder="0" marginwidth="0" marginheight="0" scrolling="no" class="wp-embedded-content"></iframe><script>
/*! This file is auto-generated */
!function(d,l){"use strict";l.querySelector&&d.addEventListener&&"undefined"!=typeof URL&&(d.wp=d.wp||{},d.wp.receiveEmbedMessage||(d.wp.receiveEmbedMessage=function(e){var t=e.data;if((t||t.secret||t.message||t.value)&&!/[^a-zA-Z0-9]/.test(t.secret)){for(var s,r,n,a=l.querySelectorAll('iframe[data-secret="'+t.secret+'"]'),o=l.querySelectorAll('blockquote[data-secret="'+t.secret+'"]'),c=new RegExp("^https?:$","i"),i=0;i<o.length;i++)o[i].style.display="none";for(i=0;i<a.length;i++)s=a[i],e.source===s.contentWindow&&(s.removeAttribute("style"),"height"===t.message?(1e3<(r=parseInt(t.value,10))?r=1e3:~~r<200&&(r=200),s.height=r):"link"===t.message&&(r=new URL(s.getAttribute("src")),n=new URL(t.value),c.test(n.protocol))&&n.host===r.host&&l.activeElement===s&&(d.top.location.href=t.value))}},d.addEventListener("message",d.wp.receiveEmbedMessage,!1),l.addEventListener("DOMContentLoaded",function(){for(var e,t,s=l.querySelectorAll("iframe.wp-embedded-content"),r=0;r<s.length;r++)(t=(e=s[r]).getAttribute("data-secret"))||(t=Math.random().toString(36).substring(2,12),e.src+="#?secret="+t,e.setAttribute("data-secret",t)),e.contentWindow.postMessage({message:"ready",secret:t},"*")},!1)))}(window,document);
//# sourceURL=https://catalonia.com.br/wp-includes/js/wp-embed.min.js
</script>

O Coral Catalonia foi criado em setembro de 2007, concretizando, assim, um antigo projeto da Associação Cultural Catalonia destinado à divulgação do rico repertório musical catalão. Apesar de possuir entre seus integrantes alguns membros nativos, o coral está aberto à participação de todas as pessoas que apreciam a boa música vocal. No repertório, também incluímos
